e the greatest common factor of k and 24.
12
Suppose -h - 1 = -31. Let s be 1*-57*(-13)/39. Suppose s*u - 20 = 18*u. Calculate the highest common factor of u and h.
10
Let n(b) = 12*b**2 - 8*b - 5*b + 11*b**3 - 12*b**3. Let x be n(10). Suppose -4*t - a = a - x, 5*t - 5*a = 95. What is the highest common factor of t and 12?
6
Let s(a) = -2*a + 15. Let j(x) = x - 11. Let c be j(-9). Let k be s(c). What is the highest common factor of 11 and k?
11
Let t be 75/125 + 6/(-10). Suppose -4*x + r + 521 = t, -125 = x - 2*x - 5*r. What is the greatest common factor of 52 and x?
26
Let c be (-1)/(-4) + (-2331)/(-148). What is the greatest common divisor of 368 and c?
16
Let n(c) = 2*c**3 - 3*c**2 + 3*c - 2. Let l be n(2). Let r be (25/10)/((-1)/(-2)). Let a = l + r. Calculate the highest common divisor of a and 52.
13
Suppose 0 = -2*r + u - 5*u + 34, -5*r + 40 = u. Suppose l - 27*l = -2912. What is the greatest common divisor of r and l?
7
Suppose -3*l - 40 = -196. Suppose 4*j = u - 4, 3*u - l = -0*u + 2*j. Suppose 2*i - 6 = 10. What is the highest common divisor of i and u?
4
Suppose -5*p + 275 = -4*t, -5*p + 341 - 76 = -2*t. What is the greatest common divisor of 17 and p?
17
Let i(t) = 3*t**2 - t. Let v be -7*3/(9/3). Let a be (3 + v)*(-2)/(-4). Let o be i(a). What is the highest common factor of o and 2?
2
Let d = -2212 - -2277. What is the highest common divisor of 117 and d?
13
Let k = -29 + 84. Suppose -1 + 5 = -4*v, 0 = -5*a + 5*v + k. What is the highest common factor of a and 110?
10
Suppose -185 = 2*j + 3*j. Let v = 64 + j. What is the highest common factor of 54 and v?
27
Let r be (0 - -18)/((-12)/(-20)). Calculate the greatest common factor of r and 10.
10
Suppose 5*b - 4*w = 265, -3*w - 17 = -2. Calculate the highest common factor of 784 and b.
49
Suppose 3 - 43 = 2*b. Let l = b - -31. Suppose 3*v - 11 = 2*v. Calculate the greatest common divisor of v and l.
11
Let f(m) = 2*m**3 + 31*m**2 - 28*m - 22. Let h be f(-16). What is the highest common divisor of h and 10?
10
Suppose 0 = 2*m + i + 9, 4*m + i = 2 - 21. Let p = m - -7. Let q be 2/(6/(-3)) + 17. Calculate the highest common divisor of p and q.
2
Suppose q + 5 - 9 = 0. Suppose -2*b = -4*l - 52, 0*b + 3*b - 68 = -q*l. What is the greatest common factor of 60 and b?
12
Let w be (-14 + 2)/((-22)/110). What is the highest common factor of w and 80?
20
Suppose -b - 4*d = 0, -4*b + 85 = -d - 0*d. Calculate the greatest common divisor of b and 130.
10
Suppose -60 = -7*f + 3*f + 3*u, -f = 3*u - 30. Suppose -5*o = -6*o. Let q = f + o. What is the greatest common divisor of 18 and q?
18
Let c = -11484 - -11654. Let n(j) = 8*j - 6. Let u be n(5). What is the highest common factor of c and u?
34
Suppose -16*h + 82 = -910. Calculate the greatest common divisor of 3596 and h.
62
Let v = 79 - 61. Let l = 47 + v. What is the greatest common factor of l and 13?
13
Let c(l) = l**2 + 10*l - 14. Let y be c(-11). Let q be 2/(0 + 1/(-2)). Let m be -14*(2/q + y). Calculate the highest common divisor of 7 and m.
7
Let r = -42 + 46. Let u be 62*(r - 12/8). What is the highest common factor of 31 and u?
31
Suppose 0 = -j + 4*j - 6. Suppose 21 = j*q + 3*w, 4*w = q + 2*w. Calculate the greatest common divisor of q and 6.
6
Let y = 9 - -36. Suppose -180*f = -211*f + 930. What is the highest common divisor of f and y?
15
Suppose -y + 5 - 2 = 0, 3*f = 3*y + 471. Calculate the highest common divisor of f and 440.
40
Suppose -w + x - 3 = 0, 5*w - x + 6 = x. Let p = w + 5. Suppose -93 = -p*j + 57. What is the highest common factor of 20 and j?
10
Suppose -5*l + 132 = -2*l. Suppose 5*y = y - l. Let p = 12 + y. Calculate the highest common factor of p and 4.
1
Suppose -114 = -0*q - 6*q. Let w = -19 + q. Suppose w = a - 46 - 4. Calculate the highest common factor of 10 and a.
10
Let t(z) = 6*z**3 - 3*z**2 + 6*z - 9. Let f be t(3). What is the greatest common divisor of 18 and f?
18
Let b(k) = 2*k + k**2 + 6*k**3 + 6*k**3 + 0*k**2 - 3*k. Let n be b(1). Suppose -8*m + 9*m = n. What is the highest common factor of m and 60?
12
Suppose 7*r = -17*r + 1488. Calculate the highest common divisor of r and 155.
31
Let t = 23 + -28. Let l(w) = w**3 + 5*w**2 + w - 3. Let g be l(t). Let c = 2 - g. Calculate the highest common divisor of c and 90.
10
Let d be (-6)/(-15) + (-1374)/(-15) + -5. Calculate the greatest common divisor of d and 29.
29
Let s be (4/10)/(1/(-5)). Let q = 8 + s. Let u be 1/(((-2)/q)/(-1)). What is the greatest common factor of 3 and u?
3
Let m(s) be the first derivative of 11*s**2/2 - 22*s + 40. Let n be m(4). What is the highest common factor of 11 and n?
11
Let i be (-5 - 1)*(-1)/2. Let d = -18 - -18. Suppose d = r + r - 6. Calculate the highest common factor of i and r.
3
Let v = 107 - 81. Calculate the greatest common factor of v and 182.
26
Let t(a) = 2*a**2 + 24*a + 53. Let r be t(-10). Let p = -231 + 387. What is the highest common factor of p and r?
13
Let v(w) = w**2 + 14*w + 6. Let h be v(-18). What is the greatest common divisor of 117 and h?
39
Let i(l) = -2*l - 3. Let z be i(-7). Suppose 5*c + 38 = -3*a, -z = 2*c - 2*a - a. Let h be (18/c)/((-3)/28). What is the highest common factor of 8 and h?
8
Suppose -2*l + 14 + 2 = 0. Let c(o) = -o**2 + 9*o - 9. Let s be c(7). Suppose j = -3*n + 6, 3*n + 1 = -s. Calculate the highest common divisor of l and j.
4
Suppose 0 = -51*d + 47*d + 20. What is the highest common divisor of d and 35?
5
Suppose -6 = 3*i - 0, -46 = -2*a - 2*i. Let p = 6 + -1. What is the highest common factor of p and a?
5
Let h(d) = 2*d**3 + 1. Let u be h(2). Let i be 3*(2 + 452/12 + 0). What is the highest common divisor of u and i?
17
Suppose -3*w = -6*w + 480. Let u be (-1*3)/(18/(-120)). Calculate the highest common divisor of u and w.
20
Suppose 4*s - 12 - 188 = 0. What is the highest common factor of s and 30?
10
Suppose -52 = -2*r - 3*c + 5, -2*c - 90 = -4*r. What is the highest common factor of 24 and r?
24
Let i be (-2)/12*3 - 41/(-2). What is the highest common factor of i and 12?
4
Suppose 48*p + 693 = 55*p. What is the greatest common divisor of p and 63?
9
Suppose 8*b - 12 = 5*b. Suppose -b*r - 94 = -r - f, r = 3*f - 42. Let m = -21 - r. Calculate the highest common divisor of 63 and m.
9
Suppose 3*w + c - 215 = 0, -3*c + 7*c = -2*w + 140. What is the highest common divisor of 120 and w?
24
Let k(p) = -12*p**2 - 144*p + 26. Let n be k(-12). Let s be (0 - 5)*78/(-15). What is the highest common factor of n and s?
26
Let a be (6/10)/(5/25). Suppose p + 4*k = 8, -a*p + k + 7 = -4. Suppose -j = -p*j + 27. Calculate the greatest common factor of j and 81.
9
Suppose v = 5 - 2. Suppose -2*w - 3*w - z = -117, -2*w + 40 = -v*z. Calculate the greatest common factor of w and 184.
23
Let y be 4/22 - 31420/(-220). Suppose 2*j = 4*u - 0*u - 22, -j + 4 = 3*u. Let t = u + 10. What is the highest common factor of y and t?
13
Let x = 76 - 70. Calculate the highest common factor of 8 and x.
2
Let y(m) = m**3 + 19*m**2 - 2*m + 4. Let o be 1*2/(-8) - 4350/232. Let w be y(o). Calculate the highest common divisor of w and 12.
6
Suppose -2*u - 74 = -3*h, 0*u + u = 2*h - 49. Let q = 75 + -179. Let f be (-296)/q - (-2)/13. What is the greatest common factor of h and f?
3
Suppose 5*q - 6292 = -21*q. What is the greatest common factor of q and 33?
11
Let c = -713 - -269. Let s = c - -766. Calculate the highest common factor of 46 and s.
46
Suppose 5*k = 10, -5*h - 5*k - 34 + 269 = 0. Calculate the greatest common divisor of 30 and h.
15
Let n(w) = w + 45. Let q be n(6). Calculate the greatest common factor of q and 68.
17
Let t be (-32)/80 - 334/(-10). Suppose 4*g - r - 2*r - 79 = 0, 0 = -g - 3*r + 31. What is the highest common factor of t and g?
11
Suppose -7*s = 1017 - 1143. What is the highest common factor of 576 and s?
18
Let t be (280/4)/(2 - 0). Suppose 3*j = 4*j - t. Calculate the greatest common divisor of j and 14.
7
Suppose -534 = -5*u + 891. What is the greatest common divisor of 76 and u?
19
Suppose 2*h = -2*x + 25 + 3, 0 = 4*h - 2*x - 56. Let a(g) = g**2 - 2*g - 3. Let r be a(0). Let v be 10/(-15)*1*r. What is the greatest common factor of v and h?
2
Suppose -5*w - 5*g - 2615 = 0, -6*g + g + 2101 = -4*w. Let u be -2*(-2)/12 + w/(-3). Calculate the greatest common factor of u and 25.
25